{"id":229,"date":"2009-04-23T01:37:11","date_gmt":"2009-04-23T00:37:11","guid":{"rendered":"http:\/\/deelo.de\/wp\/?page_id=229"},"modified":"2010-03-11T02:53:10","modified_gmt":"2010-03-11T01:53:10","slug":"chaco-van-roelands","status":"publish","type":"page","link":"http:\/\/deelo.de\/index.php\/malteser\/chaco-van-roelands\/","title":{"rendered":"Chaco van Roelands"},"content":{"rendered":"<p><img loading=\"lazy\" decoding=\"async\" src=\"http:\/\/deelo.de\/images\/chaco1r.jpg\" alt=\"billi\" width=\"124\" height=\"174\" align=\"middle\" \/> Chaco van Roelands<\/p>\n<p>Billis Krankheit hatte mich so mitgenommen, dass ich nach ihm nie wieder einen Hund wollte. Das &quot;nie wieder&quot; dauerte bei mir ca 3 Jahre&#8230; <\/p>\n<p>Am 07.Februar 2001 tapste Chaco in mein Leben. <\/p>\n<p> Bis heute bin ich der festen \u00dcberzeugung Chaco ist die Reinkarnation von Billi&#8230;<br \/>\n<br \/>\nDa sind soviele \u00dcbereinstimmungen. <br \/>\nBilli war z.B. relativ gro\u00df f\u00fcr einen Malteser und wog dabei ca 7 Kilo. Chaco sollte angeblich ein Mini-Malteser sein, wie uns sein Z\u00fcchter sagte. Schnell stellte sich heraus, es ist ein Maxi-Malteser *g*. Ebenso wie Billi ist auch Chaco gr\u00f6\u00dfer als der Durchschnitts-Malteser, und wiegt auch ca 7 Kilo. <\/p>\n<p>Billi hatte eine Warze am rechten Schulterblatt&#8230; Chaco hat ebenfalls eine Warze&#8230;nicht weit vom rechten Schulterblatt entfernt.<\/p>\n<p><img loading=\"lazy\" decoding=\"async\" src=\"http:\/\/deelo.de\/images\/P1110875_3.jpg\" width=\"100\" height=\"102\" alt=\"chaco\" \/> Und leider hat Chaco auch die selbe Krankheit wie Billi&#8230; Epilepsie.<\/p>\n<p>Chaco war noch keine 3 Jahre alt, als er seinen ersten  Anfall hatte. Wir waren zu Besuch bei Freunden, wir fr\u00fchst\u00fcckten auf der Terrasse, Chaco schlief unter dem Tisch, dann stand er auf, und es sah ganz komisch aus. Er wackelte leicht hin und her,  seine Ohren zuckten, und er wirkte total steif. Ich fasste ihn an, weil ich sofort an Billi dachte und Angst hatte das Chaco umf\u00e4llt. Er f\u00fchlte sich total verkrampft an, aber er schaute mich an und nach einem kurzen Moment war auch schon wieder alles gut.<\/p>\n<p>Wieder zu Hause haben wir Chaco dann auch gleich beim Doc untersuchen lassen. Blutuntersuchung und alles m\u00f6gliche um andere Krankheiten auszuschliessen. Aber auch die Tier\u00e4rztin best\u00e4tigte meinen Verdacht auf Epilepsie.<\/p>\n<p>Nur einmal hatte Chaco bisher einen etwas schwereren Anfall, bei dem er auch umgefallen ist. Chaco kam grad wieder zu sich, als Herrchen nach Hause kam&#8230; Chaco freut sich&#8230; und kurz darauf hatte er gleich seinen n\u00e4chsten Anfall.<\/p>\n<p>Bis auf diese eine Ausnahme ist Chacos Epilepsie relativ unauff\u00e4llig.  Oft vergehen Wochen oder Monate zwischen den Anf\u00e4llen. Und dann sind die Anfall auch ganz leicht&#8230; Aus diesem Grund bekommt er auch keine Medikamente. Lediglich nach einem Anfall gebe ich sofort Belladonna Globulis, damit es nicht wieder einen zweiten Anfall gleich hinterher gibt. Bisher hat das gut geholfen.<\/p>\n<p>Ich versuche  nur Chaco  stressfrei zu halten. Aus dem Grund schneide ich ihm auch das Haar kurz. Chaco l\u00e4sst sich \u00e4usserst ungern k\u00e4mmen, also erspare ich ihm das, und b\u00fcrste ihn nur mit einer ganz weichen B\u00fcrste. Das geniesst er dann richtig.<\/p>\n<p>Ich hatte ja bei Billi schon alles m\u00f6gliche getestet und nie wirklich herausgefunden was so einen Anfall ausl\u00f6st. z.B. heisst es Epi-Hunde sollen kein Getreide, keine Konservierungs, -Farb, -Geschmacksstoffe, keinen   Salbei,  Rosmarin, Fenchel, keine Hefe und keinen Zucker&#8230; bisher konnte ich jedoch nicht feststellen dass die Anf\u00e4lle futterbedingt ausgel\u00f6st werden.<\/p>\n<p>Inzwischen habe ich mich auch schlau gelesen und in Erfahrung gebracht das \u00fcber 60 % aller Epi-Hunde diese Krankheit erst durch die Impfung bekommen haben.<\/p>\n<p>Chaco&#8217;s letzte Impfung habe ich ausfallen lassen&#8230; und siehe da: Seit Monaten hat Chaco keinen Anfall mehr gehabt. Jetzt im Nachhinein weiss ich auch, das der erste Anfall ca 2 Wochen nach einer Impfung war. Damals habe ich das aber nicht in Zusammenhang gebracht. <\/p>\n<p>Im <a href=\"http:\/\/deelo.de\/wp\">Blog<\/a> werde ich berichten wie sich die Epi weiter entwickelt&#8230;<\/p>\n<p>Chaco ist ein sehr ruhiger Hund&#8230; er spielt nicht viel. Daf\u00fcr kann er aber stundenlang auf dem R\u00fccken liegen uns sich kraulen lassen. Vielleicht w\u00fcrde ein Spielkamerad ihn ein bisschen agiler machen&#8230; also entschlossen wir uns ein Br\u00fcderchen f\u00fcr Chaco zu holen.<\/p>\n<p>Vorher wollten wir aber noch umziehen. An dem Tag als unser Umzug dann feststand, erz\u00e4hlte mir eine &quot;internette&quot; Freundin im Chat, dass ihre H\u00fcndin tr\u00e4chtig ist. Spontan schrieb ich: <em>&quot;der erste Junge geh\u00f6rt mir&quot;<\/em> <br \/>Und so kamen wir  zu <a href=\"http:\/\/deelo.de\/wp\/index.php\/malteser\/happy\/\">Happy<\/a><\/p>\n","protected":false},"excerpt":{"rendered":"<p>Chaco van Roelands Billis Krankheit hatte mich so mitgenommen, dass ich nach ihm nie wieder einen Hund wollte. Das &quot;nie wieder&quot; dauerte bei mir ca &hellip; <\/p>\n","protected":false},"author":1,"featured_media":0,"parent":81,"menu_order":2,"comment_status":"open","ping_status":"open","template":"","meta":{"footnotes":""},"class_list":["post-229","page","type-page","status-publish","hentry"],"_links":{"self":[{"href":"http:\/\/deelo.de\/index.php\/wp-json\/wp\/v2\/pages\/229","targetHints":{"allow":["GET"]}}],"collection":[{"href":"http:\/\/deelo.de\/index.php\/wp-json\/wp\/v2\/pages"}],"about":[{"href":"http:\/\/deelo.de\/index.php\/wp-json\/wp\/v2\/types\/page"}],"author":[{"embeddable":true,"href":"http:\/\/deelo.de\/index.php\/wp-json\/wp\/v2\/users\/1"}],"replies":[{"embeddable":true,"href":"http:\/\/deelo.de\/index.php\/wp-json\/wp\/v2\/comments?post=229"}],"version-history":[{"count":10,"href":"http:\/\/deelo.de\/index.php\/wp-json\/wp\/v2\/pages\/229\/revisions"}],"predecessor-version":[{"id":502,"href":"http:\/\/deelo.de\/index.php\/wp-json\/wp\/v2\/pages\/229\/revisions\/502"}],"up":[{"embeddable":true,"href":"http:\/\/deelo.de\/index.php\/wp-json\/wp\/v2\/pages\/81"}],"wp:attachment":[{"href":"http:\/\/deelo.de\/index.php\/wp-json\/wp\/v2\/media?parent=229"}],"curies":[{"name":"wp","href":"https:\/\/api.w.org\/{rel}","templated":true}]}}

<p><img loading="lazy" decoding="async" src="http://deelo.de/images/chaco1r.jpg" alt="billi" width="124" height="174" align="middle" /> Chaco van Roelands</p>
<p>Billis Krankheit hatte mich so mitgenommen, dass ich nach ihm nie wieder einen Hund wollte. Das &quot;nie wieder&quot; dauerte bei mir ca 3 Jahre&#8230; </p>
<p>Am 07.Februar 2001 tapste Chaco in mein Leben. </p>
<p> Bis heute bin ich der festen Überzeugung Chaco ist die Reinkarnation von Billi&#8230;<br />
<br />
Da sind soviele Übereinstimmungen. <br />
Billi war z.B. relativ groß für einen Malteser und wog dabei ca 7 Kilo. Chaco sollte angeblich ein Mini-Malteser sein, wie uns sein Züchter sagte. Schnell stellte sich heraus, es ist ein Maxi-Malteser *g*. Ebenso wie Billi ist auch Chaco größer als der Durchschnitts-Malteser, und wiegt auch ca 7 Kilo. </p>
<p>Billi hatte eine Warze am rechten Schulterblatt&#8230; Chaco hat ebenfalls eine Warze&#8230;nicht weit vom rechten Schulterblatt entfernt.</p>
<p><img loading="lazy" decoding="async" src="http://deelo.de/images/P1110875_3.jpg" width="100" height="102" alt="chaco" /> Und leider hat Chaco auch die selbe Krankheit wie Billi&#8230; Epilepsie.</p>
<p>Chaco war noch keine 3 Jahre alt, als er seinen ersten  Anfall hatte. Wir waren zu Besuch bei Freunden, wir frühstückten auf der Terrasse, Chaco schlief unter dem Tisch, dann stand er auf, und es sah ganz komisch aus. Er wackelte leicht hin und her,  seine Ohren zuckten, und er wirkte total steif. Ich fasste ihn an, weil ich sofort an Billi dachte und Angst hatte das Chaco umfällt. Er fühlte sich total verkrampft an, aber er schaute mich an und nach einem kurzen Moment war auch schon wieder alles gut.</p>
<p>Wieder zu Hause haben wir Chaco dann auch gleich beim Doc untersuchen lassen. Blutuntersuchung und alles mögliche um andere Krankheiten auszuschliessen. Aber auch die Tierärztin bestätigte meinen Verdacht auf Epilepsie.</p>
<p>Nur einmal hatte Chaco bisher einen etwas schwereren Anfall, bei dem er auch umgefallen ist. Chaco kam grad wieder zu sich, als Herrchen nach Hause kam&#8230; Chaco freut sich&#8230; und kurz darauf hatte er gleich seinen nächsten Anfall.</p>
<p>Bis auf diese eine Ausnahme ist Chacos Epilepsie relativ unauffällig.  Oft vergehen Wochen oder Monate zwischen den Anfällen. Und dann sind die Anfall auch ganz leicht&#8230; Aus diesem Grund bekommt er auch keine Medikamente. Lediglich nach einem Anfall gebe ich sofort Belladonna Globulis, damit es nicht wieder einen zweiten Anfall gleich hinterher gibt. Bisher hat das gut geholfen.</p>
<p>Ich versuche  nur Chaco  stressfrei zu halten. Aus dem Grund schneide ich ihm auch das Haar kurz. Chaco lässt sich äusserst ungern kämmen, also erspare ich ihm das, und bürste ihn nur mit einer ganz weichen Bürste. Das geniesst er dann richtig.</p>
<p>Ich hatte ja bei Billi schon alles mögliche getestet und nie wirklich herausgefunden was so einen Anfall auslöst. z.B. heisst es Epi-Hunde sollen kein Getreide, keine Konservierungs, -Farb, -Geschmacksstoffe, keinen   Salbei,  Rosmarin, Fenchel, keine Hefe und keinen Zucker&#8230; bisher konnte ich jedoch nicht feststellen dass die Anfälle futterbedingt ausgelöst werden.</p>
<p>Inzwischen habe ich mich auch schlau gelesen und in Erfahrung gebracht das über 60 % aller Epi-Hunde diese Krankheit erst durch die Impfung bekommen haben.</p>
<p>Chaco&#8217;s letzte Impfung habe ich ausfallen lassen&#8230; und siehe da: Seit Monaten hat Chaco keinen Anfall mehr gehabt. Jetzt im Nachhinein weiss ich auch, das der erste Anfall ca 2 Wochen nach einer Impfung war. Damals habe ich das aber nicht in Zusammenhang gebracht. </p>
<p>Im <a href="http://deelo.de/wp">Blog</a> werde ich berichten wie sich die Epi weiter entwickelt&#8230;</p>
<p>Chaco ist ein sehr ruhiger Hund&#8230; er spielt nicht viel. Dafür kann er aber stundenlang auf dem Rücken liegen uns sich kraulen lassen. Vielleicht würde ein Spielkamerad ihn ein bisschen agiler machen&#8230; also entschlossen wir uns ein Brüderchen für Chaco zu holen.</p>
<p>Vorher wollten wir aber noch umziehen. An dem Tag als unser Umzug dann feststand, erzählte mir eine &quot;internette&quot; Freundin im Chat, dass ihre Hündin trächtig ist. Spontan schrieb ich: <em>&quot;der erste Junge gehört mir&quot;</em> <br />Und so kamen wir  zu <a href="http://deelo.de/wp/index.php/malteser/happy/">Happy</a></p>
